 common divisor of 14 and 73.
1
Calculate the highest common factor of 44283 and 87.
87
Calculate the highest common divisor of 18 and 4.
2
Calculate the highest common factor of 784 and 714.
14
What is the highest common factor of 52574 and 194?
194
What is the greatest common factor of 54 and 54?
54
Calculate the highest common factor of 274 and 2.
2
Calculate the greatest common factor of 32 and 48.
16
What is the greatest common divisor of 7488 and 1053?
117
What is the highest common divisor of 259 and 111?
37
What is the greatest common divisor of 112 and 2114?
14
What is the highest common factor of 66 and 11913?
33
What is the highest common factor of 224 and 8344?
56
What is the greatest common divisor of 81 and 297?
27
What is the highest common factor of 196 and 882?
98
Calculate the greatest common factor of 62 and 279.
31
What is the greatest common factor of 5151 and 204?
51
Calculate the highest common factor of 207 and 7613.
23
Calculate the highest common divisor of 20 and 130.
10
What is the highest common divisor of 64 and 976?
16
What is the greatest common factor of 564 and 108?
12
Calculate the greatest common divisor of 105 and 483.
21
What is the greatest common divisor of 455 and 70?
35
What is the highest common divisor of 140 and 658?
14
Calculate the highest common divisor of 153 and 8517.
51
What is the greatest common factor of 915 and 30?
15
Calculate the greatest common factor of 88 and 32.
8
Calculate the highest common divisor of 68 and 8.
4
What is the greatest common divisor of 8 and 56?
8
Calculate the highest common factor of 182 and 266.
14
What is the greatest common divisor of 1254 and 798?
114
Calculate the greatest common factor of 106 and 22578.
106
What is the greatest common divisor of 1824 and 114?
114
Calculate the highest common divisor of 3478 and 376.
94
Calculate the highest common divisor of 12 and 942.
6
Calculate the highest common factor of 810 and 30.
30
What is the greatest common factor of 5084 and 697?
41
What is the greatest common divisor of 680 and 85?
85
What is the greatest common factor of 7124 and 411?
137
What is the highest common factor of 8950 and 20?
10
Calculate the greatest common factor of 27923 and 7.
7
What is the greatest common divisor of 4929 and 372?
93
Calculate the greatest common factor of 924 and 11.
11
What is the highest common divisor of 1300 and 25?
25
Calculate the greatest common divisor of 425 and 10285.
85
What is the greatest common factor of 871 and 335?
67
What is the greatest common divisor of 66 and 2409?
33
Calculate the greatest common divisor of 26 and 3146.
26
Calculate the greatest common divisor of 58 and 1566.
58
Calculate the greatest common factor of 375 and 150.
75
What is the highest common factor of 43 and 344?
43
What is the greatest common factor of 36 and 504?
36
Calculate the greatest common factor of 32 and 160.
32
What is the highest common factor of 5973 and 594?
33
What is the greatest common divisor of 6525 and 290?
145
Calculate the greatest common divisor of 210 and 28.
14
What is the greatest common factor of 1088 and 448?
64
What is the highest common divisor of 1750 and 28?
14
What is the highest common divisor of 20 and 100?
20
What is the greatest common divisor of 70 and 16010?
10
Calculate the greatest common divisor of 107 and 6313.
107
What is the highest common factor of 34 and 289?
17
Calculate the highest common divisor of 55 and 275.
55
Calculate the greatest common factor of 33 and 407.
11
Calculate the greatest common factor of 49 and 13.
1
Calculate the highest common factor of 24 and 856.
8
Calculate the highest common divisor of 3416 and 1624.
56
What is the highest common divisor of 294 and 12?
6
What is the greatest common divisor of 32 and 36?
4
Calculate the highest common factor of 33 and 18282.
33
What is the highest common factor of 3150 and 5?
5
What is the greatest common divisor of 2 and 38?
2
Calculate the greatest common factor of 603 and 134.
67
What is the highest common divisor of 19491 and 219?
219
Calculate the highest common divisor of 25 and 135.
5
Calculate the greatest common divisor of 2550 and 2346.
102
Calculate the highest common divisor of 3 and 93.
3
Calculate the greatest common divisor of 90336 and 96.
96
What is the greatest common divisor of 396 and 684?
36
What is the greatest common factor of 55 and 319?
11
What is the greatest common divisor of 9853 and 1002?
167
What is the highest common divisor of 90 and 72?
18
What is the greatest common divisor of 80 and 2140?
20
Calculate the highest common factor of 1686 and 18.
6
What is the highest common factor of 40 and 270?
10
What is the greatest common divisor of 13470 and 270?
30
Calculate the greatest common factor of 270 and 702.
54
Calculate the greatest common factor of 64 and 1112.
8
Calculate the greatest common divisor of 10885 and 35.
35
Calculate the highest common factor of 36 and 20520.
36
What is the highest common factor of 4899 and 138?
69
Calculate the highest common divisor of 186 and 12.
6
Calculate the highest common divisor of 26 and 26.
26
What is the highest common divisor of 55 and 25?
5
What is the highest common factor of 1920 and 105?
15
What is the greatest common divisor of 195 and 225?
15
Calculate the highest common divisor of 456 and 1026.
114
What is the highest common factor of 741 and 285?
57
Calculate the greatest common divisor of 294 and 41062.
98
Calculate the greatest common factor of 7980 and 300.
60
Calculate the highest common factor of 234 and 390.
78
What is the highest common factor of 42 and 182?
14
What is the greatest common factor of 3 and 27?
3
Calculate the highest common divisor of 1634 and 114.
38
Calculate the highest common divisor of 95 and 133.
19
What is the highest common factor of 40 and 13480?
40
What is the highest common divisor of 3 and 83?
1
What is the highest common divisor of 810 and 20?
10
What is the greatest common factor of 100 and 184?
4
Calculate the highest common divisor of 60 and 9260.
20
Calculate the highest common divisor of 1075 and 150.
25
Calculate the greatest common divisor of 47 and 705.
47
Calculate the greatest common divisor of 9 and 567.
9
Calculate the highest common factor of 7 and 2023.
7
What is the greatest common divisor of 24 and 1416?
24
What is the greatest common factor of 13575 and 75?
75
Calculate the greatest common divisor of 16 and 17704.
8
What is the greatest common factor of 75 and 22175?
25
Calculate the greatest common factor of 28 and 35.
7
Calculate the greatest common factor of 750 and 105.
15
What is the greatest common divisor of 26 and 39?
13
Calculate the highest common divisor of 66 and 8492.
22
Calculate the greatest common divisor of 12 and 132.
12
Calculate the greatest common factor of 322 and 28.
14
What is the highest common factor of 27 and 7479?
27
Calculate the highest common divisor of 22458 and 57.
57
Calculate the highest common divisor of 531 and 99.
9
Calculate the greatest common factor of 156 and 663.
39
What is the highest common factor of 957 and 87?
87
Calculate the greatest common divisor of 13 and 117.
13
Calculate the highest common divisor of 260 and 208.
52
What is the highest common divisor of 170 and 68?
34
What is the highest common factor of 16 and 2368?
16
Calculate the highest common divisor of 110 and 33.
11
Calculate the highest common factor of 180 and 114840.
180
Calculate the highest common factor of 217 and 124.
31
Calculate the greatest common divisor of 9 and 15.
3
What is the highest common factor of 40 and 296?
8
Calculate the highest common factor of 756 and 168.
84
What is the highest common factor of 395 and 869?
79
What is the greatest common factor of 328 and 1672?
8
Calculate the greatest common factor of 16 and 16.
16
What is the greatest common divisor of 21 and 21?
21
What is the highest common divisor of 35 and 595?
35
What is the highest common divisor of 2597 and 53?
53
What is the highest common divisor of 26507 and 52?
13
What is the highest common factor of 18 and 366?
6
What is the highest common factor of 6375 and 750?
375
What is the highest common divisor of 770 and 275?
55
What is the greatest common factor of 42 and 294?
42
Calculate the highest 